What is the ten thousands digit of 118904?
1
What is the hundreds digit of 704?
7
What is the tens digit of 1506?
0
What is the tens digit of 32062?
6
What is the tens digit of 309?
0
What is the hundreds digit of 18831?
8
What is the ten thousands digit of 145043?
4
What is the tens digit of 2929?
2
What is the hundreds digit of 273?
2
What is the tens digit of 59380?
8
What is the units digit of 11604?
4
What is the tens digit of 56706?
0
What is the hundreds digit of 1537?
5
What is the tens digit of 96?
9
What is the units digit of 619?
9
What is the thousands digit of 1347?
1
What is the tens digit of 72147?
4
What is the tens digit of 1948?
4
What is the units digit of 54889?
9
What is the thousands digit of 4061?
4
What is the units digit of 1088?
8
What is the units digit of 6242?
2
What is the hundreds digit of 1881?
8
What is the hundreds digit of 658?
6
What is the thousands digit of 30051?
0
What is the hundreds digit of 137?
1
What is the hundreds digit of 939?
9
What is the thousands digit of 10000?
0
What is the thousands digit of 10763?
0
What is the tens digit of 4346?
4
What is the hundreds digit of 851?
8
What is the units digit of 9984?
4
What is the thousands digit of 1271?
1
What is the tens digit of 44802?
0
What is the units digit of 6568?
8
What is the tens digit of 27913?
1
What is the hundreds digit of 3609?
6
What is the hundreds digit of 4297?
2
What is the units digit of 66475?
5
What is the units digit of 5?
5
What is the thousands digit of 26908?
6
What is the thousands digit of 23645?
3
What is the units digit of 1310?
0
What is the hundreds digit of 147912?
9
What is the ten thousands digit of 61159?
6
What is the hundreds digit of 1743?
7
What is the hundred thousands digit of 112919?
1
What is the thousands digit of 28266?
8
What is the units digit of 9897?
7
What is the thousands digit of 1885?
1
What is the ten thousands digit of 154344?
5
What is the units digit of 10192?
2
What is the units digit of 10774?
4
What is the hundreds digit of 1159?
1
What is the thousands digit of 4084?
4
What is the units digit of 960?
0
What is the ten thousands digit of 17571?
1
What is the hundreds digit of 201?
2
What is the hundreds digit of 22719?
7
What is the ten thousands digit of 30747?
3
What is the tens digit of 26870?
7
What is the hundreds digit of 1329?
3
What is the hundreds digit of 11335?
3
What is the thousands digit of 9895?
9
What is the units digit of 492?
2
What is the units digit of 2719?
9
What is the thousands digit of 61877?
1
What is the units digit of 8652?
2
What is the hundreds digit of 502?
5
What is the units digit of 11121?
1
What is the hundreds digit of 415?
4
What is the units digit of 24268?
8
What is the tens digit of 65864?
6
What is the thousands digit of 7737?
7
What is the units digit of 1552?
2
What is the hundreds digit of 2181?
1
What is the units digit of 480?
0
What is the tens digit of 5352?
5
What is the tens digit of 13565?
6
What is the tens digit of 2521?
2
What is the tens digit of 93?
9
What is the ten thousands digit of 33204?
3
What is the units digit of 445?
5
What is the units digit of 827?
7
What is the units digit of 43601?
1
What is the hundreds digit of 15223?
2
What is the thousands digit of 57213?
7
What is the tens digit of 4337?
3
What is the hundreds digit of 2699?
6
What is the hundred thousands digit of 102621?
1
What is the thousands digit of 17145?
7
What is the units digit of 47562?
2
What is the tens digit of 263?
6
What is the hundreds digit of 544?
5
What is the thousands digit of 2518?
2
What is the units digit of 2600?
0
What is the hundreds digit of 32194?
1
What is the thousands digit of 29877?
9
What is the hundreds digit of 43659?
6
What is the hundreds digit of 16157?
1
What is the tens digit of 282?
8
What is the ten thousands digit of 136094?
3
What is the ten thousands digit of 15168?
1
What is the ten thousands digit of 60570?
6
What is the tens digit of 141603?
0
What is the tens digit of 151?
5
What is the units digit of 72566?
6
What is the tens digit of 9945?
4
What is the units digit of 3553?
3
What is the thousands digit of 7775?
7
What is the thousands digit of 3019?
3
What is the tens digit of 2594?
9
What is the hundreds digit of 9503?
5
What is the thousands digit of 1230?
1
What is the units digit of 22629?
9
What is the thousands digit of 14500?
4
What is the thousands digit of 6965?
6
What is the tens digit of 42708?
0
What is the thousands digit of 20425?
0
What is the tens digit of 7204?
0
What is the thousands digit of 4065?
4
What is the ten thousands digit of 146238?
4
What is the tens digit of 803?
0
What is the hundreds digit of 1370?
3
What is the units digit of 1142?
2
What is the units digit of 473?
3
What is the hundreds digit of 11585?
5
What is the thousands digit of 2944?
2
What is the hundreds digit of 9577?
5
What is the units digit of 2844?
4
What is the units digit of 691?
1
What is the tens digit of 1003?
0
What is the tens digit of 6053?
5
What is the tens digit of 4769?
6
What is the units digit of 11822?
2
What is the tens digit of 67322?
2
What is the thousands digit of 1789?
1
What is the thousands digit of 74802?
4
What is the units digit of 67?
7
What is the thousands digit of 2645?
2
What is the thousands digit of 14400?
4
What is the tens digit of 924?
2
What is the ten thousands digit of 11620?
1
What is the hundreds digit of 84875?
8
What is the hundreds digit of 872?
8
What is the thousands digit of 3740?
3
What is the thousands digit of 3521?
3
What is the tens digit of 2384?
8
What is the hundreds digit of 2469?
4
What is the tens digit of 43991?
9
What is the units digit of 7526?
6
What is the thousands digit of 27181?
7
What is the units digit of 87662?
2
What is the hundreds digit of 20964?
9
What is the units digit of 14756?
6
What is the tens digit of 3807?
0
What is the thousands digit of 2997?
2
What is the thousands digit of 115643?
5
What is the thousands digit of 1453?
1
What is the units digit of 975?
5
What is the units digit of 35892?
2
What is the hundreds digit of 7579?
5
What is the tens digit of 295?
9
What is the hundreds digit of 2371?
3
What is the units digit of 4149?
9
What is the hundreds digit of 1033?
0
What is the ten thousands digit of 33890?
3
What is the tens digit of 147435?
3
What is the thousands digit of 35170?
5
What is the hundreds digit of 16483?
4
What is the hundreds digit of 85931?
9
What is the tens digit of 28328?
2
What is the hundreds digit of 97122?
1
What is the units digit of 801?
1
What is the hundreds digit of 514?
5
What is the units digit of 1136?
6
What is the hundreds digit of 688?
6
What is the hundreds digit of 113?
1
What is the thousands digit of 1703?
1
What is the hundreds digit of 192?
1
What is the tens digit of 316?
1
What is the hundreds digit of 146568?
5
What is the thousands digit of 28075?
8
What is the hundreds digit of 31595?
5
What is the hundreds digit of 1763?
7
What is the tens digit of 647?
4
What is the units digit of 16556?
6
What is the units digit of 742?
2
What is the thousands digit of 12746?
2
What is the units digit of 2095?
5
What is the tens digit of 19327?
2
What is the ten thousands digit of 22575?
2
What is the hundreds digit of 6269?
2
What is the ten thousands digit of 42858?
4
What is the tens digit of 2925?
2
What is the tens digit of 60035?
3
What is the thousands digit of 78037?
8
What is the hundreds digit of 2875?
8
What is the tens digit of 277?
7
What is the tens digit of 504?
0
What is the tens digit of 145621?
2
What is the hundreds digit of 2986?
9
What is the hundreds digit of 319?
3
What is the tens digit of 8314?
1
What is the tens digit of 12587?
8
What is the thousands digit of 11844?
1
What is the tens digit of 56?
5
What is the units digit of 158?
8
What is the units digit of 735?
5
What is the hundreds digit of 253?
2
What is the units digit of 1591?
1
What is the thousands digit of 1037?
1
What is the tens digit of 5049?
4
What is the thousands digit of 51627?
1
What is the hundreds digit of 6326?
3
What is the thousands digit of 2981?
2
What is the hundreds digit of 3158?
1
What is the ten thousands digit of 35846?
3
What is the hundreds digit of 16498?
4
What is the units digit of 